{"id":399,"date":"2017-05-05T07:40:57","date_gmt":"2017-05-05T07:40:57","guid":{"rendered":"http:\/\/e-matthias.com.pl\/?page_id=399"},"modified":"2018-08-07T10:27:20","modified_gmt":"2018-08-07T10:27:20","slug":"uslugi-przemyslowe","status":"publish","type":"page","link":"http:\/\/e-matthias.com.pl\/?page_id=399","title":{"rendered":"Us\u0142ugi Przemys\u0142owe"},"content":{"rendered":"<p><strong>Kompleksowa obs\u0142uga zak\u0142ad\u00f3w przemys\u0142owych w zakresie prac wysoko\u015bciowych oraz utrzymania czysto\u015bci. Jest to oferta specjalna stworzona pod k\u0105tem linii przemys\u0142owej, kt\u00f3ra wymaga w swoim zarz\u0105dzaniu ca\u0142o\u015bciowej obs\u0142ugi.<\/strong><\/p>\n<p><a href=\"http:\/\/e-matthias.com.pl\/wp-content\/uploads\/2017\/04\/DSCN2638.jpg\"><img loading=\"lazy\" decoding=\"async\" class=\" wp-image-297 alignright\" src=\"http:\/\/e-matthias.com.pl\/wp-content\/uploads\/2017\/04\/DSCN2638-300x224.jpg\" alt=\"\" width=\"250\" height=\"187\" srcset=\"http:\/\/e-matthias.com.pl\/wp-content\/uploads\/2017\/04\/DSCN2638-300x224.jpg 300w, http:\/\/e-matthias.com.pl\/wp-content\/uploads\/2017\/04\/DSCN2638-1024x766.jpg 1024w, http:\/\/e-matthias.com.pl\/wp-content\/uploads\/2017\/04\/DSCN2638-830x621.jpg 830w, http:\/\/e-matthias.com.pl\/wp-content\/uploads\/2017\/04\/DSCN2638-230x172.jpg 230w, http:\/\/e-matthias.com.pl\/wp-content\/uploads\/2017\/04\/DSCN2638-350x262.jpg 350w, http:\/\/e-matthias.com.pl\/wp-content\/uploads\/2017\/04\/DSCN2638-480x359.jpg 480w\" sizes=\"auto, (max-width: 250px) 100vw, 250px\" \/><\/a><\/p>\n<p><strong>Zakres us\u0142ug:<\/strong><\/p>\n<p>Oferujemy pakiet us\u0142ug w formie rycza\u0142tu miesi\u0119cznego z du\u017cym rabatem lub osobne zlecenia na poszczeg\u00f3lne zadania:<\/p>\n<p>&nbsp;<\/p>\n<p>&#8211; utrzymanie w czysto\u015bci \u015bcian i konstrukcji podstropowych,<\/p>\n<p>&#8211; okresowe mycie powierzchni szklanych ,<\/p>\n<p>&#8211; okresowe mycie elewacji zewn\u0119trznych,<\/p>\n<p>&#8211; od\u015bnie\u017canie dach\u00f3w ,<a href=\"http:\/\/e-matthias.com.pl\/wp-content\/uploads\/2017\/04\/DSCN2621.jpg\"><img loading=\"lazy\" decoding=\"async\" class=\"wp-image-296 alignright\" src=\"http:\/\/e-matthias.com.pl\/wp-content\/uploads\/2017\/04\/DSCN2621-300x224.jpg\" alt=\"\" width=\"250\" height=\"186\" srcset=\"http:\/\/e-matthias.com.pl\/wp-content\/uploads\/2017\/04\/DSCN2621-300x224.jpg 300w, http:\/\/e-matthias.com.pl\/wp-content\/uploads\/2017\/04\/DSCN2621-1024x766.jpg 1024w, http:\/\/e-matthias.com.pl\/wp-content\/uploads\/2017\/04\/DSCN2621-830x621.jpg 830w, http:\/\/e-matthias.com.pl\/wp-content\/uploads\/2017\/04\/DSCN2621-230x172.jpg 230w, http:\/\/e-matthias.com.pl\/wp-content\/uploads\/2017\/04\/DSCN2621-350x262.jpg 350w, http:\/\/e-matthias.com.pl\/wp-content\/uploads\/2017\/04\/DSCN2621-480x359.jpg 480w\" sizes=\"auto, (max-width: 250px) 100vw, 250px\" \/><\/a><\/p>\n<p>&#8211; czyszczenie rynien i konserwacja odgromienia,<\/p>\n<p>&nbsp;<\/p>\n<p><strong>Podej\u015bcie do obiektu:<\/strong><\/p>\n<p>&nbsp;<\/p>\n<p>&#8211; drabiny rozstawne lub teleskopowe ,<\/p>\n<p>&#8211; drabiny rozstawne lub teleskopowe,<\/p>\n<p>&#8211; rusztowania jezdne lub kotwiczone,<a href=\"http:\/\/e-matthias.com.pl\/wp-content\/uploads\/2017\/04\/mm.jpg\"><img loading=\"lazy\" decoding=\"async\" class=\" wp-image-301 alignright\" src=\"http:\/\/e-matthias.com.pl\/wp-content\/uploads\/2017\/04\/mm-300x225.jpg\" alt=\"\" width=\"249\" height=\"187\" srcset=\"http:\/\/e-matthias.com.pl\/wp-content\/uploads\/2017\/04\/mm-300x225.jpg 300w, http:\/\/e-matthias.com.pl\/wp-content\/uploads\/2017\/04\/mm.jpg 1024w, http:\/\/e-matthias.com.pl\/wp-content\/uploads\/2017\/04\/mm-830x623.jpg 830w, http:\/\/e-matthias.com.pl\/wp-content\/uploads\/2017\/04\/mm-230x173.jpg 230w, http:\/\/e-matthias.com.pl\/wp-content\/uploads\/2017\/04\/mm-350x263.jpg 350w, http:\/\/e-matthias.com.pl\/wp-content\/uploads\/2017\/04\/mm-480x360.jpg 480w\" sizes=\"auto, (max-width: 249px) 100vw, 249px\" \/><\/a><\/p>\n<p>&#8211; rusztowania linowe,<\/p>\n<p>&#8211; podno\u015bniki krzy\u017cakowe samojezdne,<\/p>\n<p>&#8211; podno\u015bniki koszowe na samochodac<\/p>\n<p>&nbsp;<\/p>\n<p><strong>Technologia:<\/strong><\/p>\n<p>&nbsp;<\/p>\n<p>&#8211; nanoszenie chemii przez pianowanie,\u00a0 mglenie lub\u00a0 natrysk ci\u015bnieniowy,<\/p>\n<p>&#8211; czyszczenie metod\u0105 hydrodynamiczn\u0105 od 150 do 220 bar\u00f3w,<\/p>\n<p>&#8211; czyszczenie r\u0119czne przy u\u017cyciu g\u0105bki i pada,<\/p>\n<p>&#8211; odkurzanie py\u0142owe, zastosowanie w strefach wybuchowych odkurzaczy antywybuch<a href=\"http:\/\/e-matthias.com.pl\/wp-content\/uploads\/2017\/04\/DSCN1966.jpg\"><img loading=\"lazy\" decoding=\"async\" class=\" wp-image-292 alignright\" src=\"http:\/\/e-matthias.com.pl\/wp-content\/uploads\/2017\/04\/DSCN1966-300x224.jpg\" alt=\"\" width=\"250\" height=\"187\" srcset=\"http:\/\/e-matthias.com.pl\/wp-content\/uploads\/2017\/04\/DSCN1966-300x224.jpg 300w, http:\/\/e-matthias.com.pl\/wp-content\/uploads\/2017\/04\/DSCN1966-1024x766.jpg 1024w, http:\/\/e-matthias.com.pl\/wp-content\/uploads\/2017\/04\/DSCN1966-830x621.jpg 830w, http:\/\/e-matthias.com.pl\/wp-content\/uploads\/2017\/04\/DSCN1966-230x172.jpg 230w, http:\/\/e-matthias.com.pl\/wp-content\/uploads\/2017\/04\/DSCN1966-350x262.jpg 350w, http:\/\/e-matthias.com.pl\/wp-content\/uploads\/2017\/04\/DSCN1966-480x359.jpg 480w\" sizes=\"auto, (max-width: 250px) 100vw, 250px\" \/><\/a>owych,<\/p>\n<p>&#8211; sodowanie &#8211; ekologiczne usuwanie wszelkiego brudu za pomoc\u0105 sody pod wysokim\u00a0ci\u015bnieniem<\/p>\n<p>&nbsp;<\/p>\n<p><strong>Sprz\u0119t:<\/strong><\/p>\n<p>&nbsp;<\/p>\n<p>&#8211; maszyny wysokoci\u015bnieniowe,<\/p>\n<p>&#8211; pianownice,<\/p>\n<p>&#8211; mglnice,<a href=\"http:\/\/e-matthias.com.pl\/wp-content\/uploads\/2017\/04\/l.jpg\"><img loading=\"lazy\" decoding=\"async\" class=\"wp-image-300 alignright\" src=\"http:\/\/e-matthias.com.pl\/wp-content\/uploads\/2017\/04\/l-300x224.jpg\" alt=\"\" width=\"250\" height=\"187\" srcset=\"http:\/\/e-matthias.com.pl\/wp-content\/uploads\/2017\/04\/l-300x224.jpg 300w, http:\/\/e-matthias.com.pl\/wp-content\/uploads\/2017\/04\/l-1024x766.jpg 1024w, http:\/\/e-matthias.com.pl\/wp-content\/uploads\/2017\/04\/l-830x621.jpg 830w, http:\/\/e-matthias.com.pl\/wp-content\/uploads\/2017\/04\/l-230x172.jpg 230w, http:\/\/e-matthias.com.pl\/wp-content\/uploads\/2017\/04\/l-350x262.jpg 350w, http:\/\/e-matthias.com.pl\/wp-content\/uploads\/2017\/04\/l-480x359.jpg 480w\" sizes=\"auto, (max-width: 250px) 100vw, 250px\" \/><\/a><\/p>\n<p>&#8211; odkurzacze przemys\u0142owe, antywybuchowe i\u00a0 plecakowe,<\/p>\n<p>&#8211; sodownica<\/p>\n","protected":false},"excerpt":{"rendered":"<p>Kompleksowa obs\u0142uga zak\u0142ad\u00f3w przemys\u0142owych w zakresie prac wysoko\u015bciowych oraz utrzymania czysto\u015bci. Jest to oferta specjalna stworzona pod k\u0105tem linii przemys\u0142owej, kt\u00f3ra wymaga [&hellip;]<\/p>\n","protected":false},"author":1,"featured_media":0,"parent":359,"menu_order":0,"comment_status":"closed","ping_status":"closed","template":"","meta":{"ngg_post_thumbnail":0,"footnotes":""},"class_list":["post-399","page","type-page","status-publish","hentry"],"_links":{"self":[{"href":"http:\/\/e-matthias.com.pl\/index.php?rest_route=\/wp\/v2\/pages\/399","targetHints":{"allow":["GET"]}}],"collection":[{"href":"http:\/\/e-matthias.com.pl\/index.php?rest_route=\/wp\/v2\/pages"}],"about":[{"href":"http:\/\/e-matthias.com.pl\/index.php?rest_route=\/wp\/v2\/types\/page"}],"author":[{"embeddable":true,"href":"http:\/\/e-matthias.com.pl\/index.php?rest_route=\/wp\/v2\/users\/1"}],"replies":[{"embeddable":true,"href":"http:\/\/e-matthias.com.pl\/index.php?rest_route=%2Fwp%2Fv2%2Fcomments&post=399"}],"version-history":[{"count":8,"href":"http:\/\/e-matthias.com.pl\/index.php?rest_route=\/wp\/v2\/pages\/399\/revisions"}],"predecessor-version":[{"id":429,"href":"http:\/\/e-matthias.com.pl\/index.php?rest_route=\/wp\/v2\/pages\/399\/revisions\/429"}],"up":[{"embeddable":true,"href":"http:\/\/e-matthias.com.pl\/index.php?rest_route=\/wp\/v2\/pages\/359"}],"wp:attachment":[{"href":"http:\/\/e-matthias.com.pl\/index.php?rest_route=%2Fwp%2Fv2%2Fmedia&parent=399"}],"curies":[{"name":"wp","href":"https:\/\/api.w.org\/{rel}","templated":true}]}}