{"id":246,"date":"2017-04-24T10:23:53","date_gmt":"2017-04-24T10:23:53","guid":{"rendered":"http:\/\/e-matthias.com.pl\/?page_id=246"},"modified":"2018-08-07T10:27:11","modified_gmt":"2018-08-07T10:27:11","slug":"uslugi-antykorozyjne","status":"publish","type":"page","link":"http:\/\/e-matthias.com.pl\/?page_id=246","title":{"rendered":"Us\u0142ugi antykorozyjne"},"content":{"rendered":"<p>Specjalistyczne prace malarskie i antykorozyjne<\/p>\n<p>Zakres us\u0142ug:<br \/>\n1. Malowanie i zabezpieczania antykorozyjne obiekt\u00f3w:<a href=\"http:\/\/e-matthias.com.pl\/wp-content\/uploads\/2017\/04\/P1040644.jpg\"><img loading=\"lazy\" decoding=\"async\" class=\" wp-image-422 alignright\" src=\"http:\/\/e-matthias.com.pl\/wp-content\/uploads\/2017\/04\/P1040644-300x225.jpg\" alt=\"\" width=\"247\" height=\"185\" srcset=\"http:\/\/e-matthias.com.pl\/wp-content\/uploads\/2017\/04\/P1040644-300x225.jpg 300w, http:\/\/e-matthias.com.pl\/wp-content\/uploads\/2017\/04\/P1040644-1024x768.jpg 1024w, http:\/\/e-matthias.com.pl\/wp-content\/uploads\/2017\/04\/P1040644-830x623.jpg 830w, http:\/\/e-matthias.com.pl\/wp-content\/uploads\/2017\/04\/P1040644-230x173.jpg 230w, http:\/\/e-matthias.com.pl\/wp-content\/uploads\/2017\/04\/P1040644-350x263.jpg 350w, http:\/\/e-matthias.com.pl\/wp-content\/uploads\/2017\/04\/P1040644-480x360.jpg 480w\" sizes=\"auto, (max-width: 247px) 100vw, 247px\" \/><\/a><\/p>\n<p>\u2022 komin\u00f3w stalowych, ceramicznych i \u017celbetonowych,<br \/>\n\u2022 dach\u00f3w, rynien i rur stalowych,<br \/>\n\u2022 suwnic,<br \/>\n\u2022 silos\u00f3w i zbiornik\u00f3w,<br \/>\n\u2022 konstrukcji most\u00f3w, ruroci\u0105g\u00f3w i estakad,<br \/>\n\u2022 konstrukcji zap\u00f3r i stopni,<br \/>\n\u2022 konstrukcji stalowych,<br \/>\n\u2022 s\u0142up\u00f3w o\u015bwietleniowych i wysokiego napi\u0119cia,<br \/>\n\u2022 maszt\u00f3w antenowych, lin stalowych, odci\u0105g\u00f3w,<a href=\"http:\/\/e-matthias.com.pl\/wp-content\/uploads\/2017\/04\/Obraz-020.jpg\"><img loading=\"lazy\" decoding=\"async\" class=\" wp-image-343 alignright\" src=\"http:\/\/e-matthias.com.pl\/wp-content\/uploads\/2017\/04\/Obraz-020-300x224.jpg\" alt=\"\" width=\"248\" height=\"185\" srcset=\"http:\/\/e-matthias.com.pl\/wp-content\/uploads\/2017\/04\/Obraz-020-300x224.jpg 300w, http:\/\/e-matthias.com.pl\/wp-content\/uploads\/2017\/04\/Obraz-020-1024x766.jpg 1024w, http:\/\/e-matthias.com.pl\/wp-content\/uploads\/2017\/04\/Obraz-020-830x621.jpg 830w, http:\/\/e-matthias.com.pl\/wp-content\/uploads\/2017\/04\/Obraz-020-230x172.jpg 230w, http:\/\/e-matthias.com.pl\/wp-content\/uploads\/2017\/04\/Obraz-020-350x262.jpg 350w, http:\/\/e-matthias.com.pl\/wp-content\/uploads\/2017\/04\/Obraz-020-480x359.jpg 480w\" sizes=\"auto, (max-width: 248px) 100vw, 248px\" \/><\/a><br \/>\n\u2022 elewacji budynk\u00f3w,<\/p>\n<p>2. Us\u0142ugi:<\/p>\n<p>\u2022 odt\u0142uszczanie &#8211; pianowanie i sp\u0142ukiwanie,<br \/>\n\u2022 czyszczenie hydrodynamiczne lub strumieniowo-\u015bcierne powierzchni stalowych i \u017celbetowych,<br \/>\n\u2022 ig\u0142owanie i opukiwanie urz\u0105dzeniami pneumatycznymi,<br \/>\n\u2022 nak\u0142adanie pow\u0142ok malarskich w dowolnych technologiach &#8211; maszynowo lub r\u0119cznie<br \/>\n\u2022 nak\u0142adanie pow\u0142ok ogniochronnych w systemie Flame Stal,<a href=\"http:\/\/e-matthias.com.pl\/wp-content\/uploads\/2017\/04\/lkkjj.jpg\"><img loading=\"lazy\" decoding=\"async\" class=\" wp-image-274 alignright\" src=\"http:\/\/e-matthias.com.pl\/wp-content\/uploads\/2017\/04\/lkkjj-300x224.jpg\" alt=\"\" width=\"246\" height=\"183\" srcset=\"http:\/\/e-matthias.com.pl\/wp-content\/uploads\/2017\/04\/lkkjj-300x224.jpg 300w, http:\/\/e-matthias.com.pl\/wp-content\/uploads\/2017\/04\/lkkjj-1024x766.jpg 1024w, http:\/\/e-matthias.com.pl\/wp-content\/uploads\/2017\/04\/lkkjj-830x621.jpg 830w, http:\/\/e-matthias.com.pl\/wp-content\/uploads\/2017\/04\/lkkjj-230x172.jpg 230w, http:\/\/e-matthias.com.pl\/wp-content\/uploads\/2017\/04\/lkkjj-350x262.jpg 350w, http:\/\/e-matthias.com.pl\/wp-content\/uploads\/2017\/04\/lkkjj-480x359.jpg 480w\" sizes=\"auto, (max-width: 246px) 100vw, 246px\" \/><\/a><br \/>\n\u2022 roboty izolacyjne oraz uszczelnienie zbiornik\u00f3w,<br \/>\n\u2022 reprofilacja konstrukcji \u017celbetowych,<\/p>\n<p>3. Sprz\u0119t:<\/p>\n<p>\u2022 maszyny wysokoci\u015bnieniowe &#8211; hydrodynamiczne,<br \/>\n\u2022 pianownice,<br \/>\n\u2022 agregaty malarskie<br \/>\n\u2022 zestawy do piaskowania &#8211; na sucho i wodno<br \/>\n4. Podej\u015bcie do obiektu:<\/p>\n<p>\u2022 drabiny rozstawne lub teleskopowe ,<a href=\"http:\/\/e-matthias.com.pl\/wp-content\/uploads\/2017\/04\/P1040677.jpg\"><img loading=\"lazy\" decoding=\"async\" class=\" wp-image-423 alignright\" src=\"http:\/\/e-matthias.com.pl\/wp-content\/uploads\/2017\/04\/P1040677-300x225.jpg\" alt=\"\" width=\"241\" height=\"181\" srcset=\"http:\/\/e-matthias.com.pl\/wp-content\/uploads\/2017\/04\/P1040677-300x225.jpg 300w, http:\/\/e-matthias.com.pl\/wp-content\/uploads\/2017\/04\/P1040677-1024x768.jpg 1024w, http:\/\/e-matthias.com.pl\/wp-content\/uploads\/2017\/04\/P1040677-830x623.jpg 830w, http:\/\/e-matthias.com.pl\/wp-content\/uploads\/2017\/04\/P1040677-230x173.jpg 230w, http:\/\/e-matthias.com.pl\/wp-content\/uploads\/2017\/04\/P1040677-350x263.jpg 350w, http:\/\/e-matthias.com.pl\/wp-content\/uploads\/2017\/04\/P1040677-480x360.jpg 480w\" sizes=\"auto, (max-width: 241px) 100vw, 241px\" \/><\/a><br \/>\n\u2022 drabiny rozstawne lub teleskopowe,<br \/>\n\u2022 rusztowania jezdne lub kotwiczone,<br \/>\n\u2022 rusztowania linowe,<br \/>\n\u2022 podno\u015bniki krzy\u017cakowe samojezdne,<br \/>\n\u2022 podno\u015bniki koszowe na samochodach<\/p>\n","protected":false},"excerpt":{"rendered":"<p>Specjalistyczne prace malarskie i antykorozyjne Zakres us\u0142ug: 1. Malowanie i zabezpieczania antykorozyjne obiekt\u00f3w: \u2022 komin\u00f3w stalowych, ceramicznych i \u017celbetonowych, \u2022 dach\u00f3w, rynien [&hellip;]<\/p>\n","protected":false},"author":1,"featured_media":0,"parent":359,"menu_order":0,"comment_status":"closed","ping_status":"closed","template":"","meta":{"ngg_post_thumbnail":0,"footnotes":""},"class_list":["post-246","page","type-page","status-publish","hentry"],"_links":{"self":[{"href":"http:\/\/e-matthias.com.pl\/index.php?rest_route=\/wp\/v2\/pages\/246","targetHints":{"allow":["GET"]}}],"collection":[{"href":"http:\/\/e-matthias.com.pl\/index.php?rest_route=\/wp\/v2\/pages"}],"about":[{"href":"http:\/\/e-matthias.com.pl\/index.php?rest_route=\/wp\/v2\/types\/page"}],"author":[{"embeddable":true,"href":"http:\/\/e-matthias.com.pl\/index.php?rest_route=\/wp\/v2\/users\/1"}],"replies":[{"embeddable":true,"href":"http:\/\/e-matthias.com.pl\/index.php?rest_route=%2Fwp%2Fv2%2Fcomments&post=246"}],"version-history":[{"count":5,"href":"http:\/\/e-matthias.com.pl\/index.php?rest_route=\/wp\/v2\/pages\/246\/revisions"}],"predecessor-version":[{"id":424,"href":"http:\/\/e-matthias.com.pl\/index.php?rest_route=\/wp\/v2\/pages\/246\/revisions\/424"}],"up":[{"embeddable":true,"href":"http:\/\/e-matthias.com.pl\/index.php?rest_route=\/wp\/v2\/pages\/359"}],"wp:attachment":[{"href":"http:\/\/e-matthias.com.pl\/index.php?rest_route=%2Fwp%2Fv2%2Fmedia&parent=246"}],"curies":[{"name":"wp","href":"https:\/\/api.w.org\/{rel}","templated":true}]}}